{"id":34,"date":"2016-11-17T15:49:15","date_gmt":"2016-11-17T15:49:15","guid":{"rendered":"http:\/\/demo.ovathemes.com\/eventry\/?page_id=34"},"modified":"2025-11-21T12:27:43","modified_gmt":"2025-11-21T11:27:43","slug":"home-page","status":"publish","type":"page","link":"https:\/\/www.congresso25.it\/oida\/","title":{"rendered":"Home page"},"content":{"rendered":"<div class=\"wpb-content-wrapper\"><p>[vc_row full_width=&#8221;stretch_row_content_no_spaces&#8221; parallax=&#8221;content-moving&#8221; parallax_image=&#8221;46&#8243;][vc_column]<section class=\"intro-section \">\n                <div class=\"overlay division\">\n                    <div class=\"container\">\t\t\n                        <div id=\"intro-1-content\" class=\"row\">\n                            \n                            <div class=\"col-md-6 col-md-offset-6 intro-txt white-color\"><h4>XXV CONGRESSO REGIONALE DEI CONSULENTI DEL LAVORO DELLA SARDEGNA<\/h4><h2>IL CONSULENTE DEL LAVORO BUSSOLA DELLA LEGALITA\u2019<\/h2> <h3>Navigare il cambiamento tra etica, innovazione e nuove frontiere professionali<\/h3> <\/div>\n\n\n                        <\/div>\n                    <\/div>\n                <\/div>\n            <\/section>[vc_empty_space height=&#8221;90&#8243;][vc_row_inner css=&#8221;.vc_custom_1760696043225{margin-top: 90px !important;margin-bottom: 90px !important;}&#8221;][vc_column_inner][vc_hoverbox image=&#8221;1196&#8243; primary_title=&#8221;Galleria foto GIORNO 1&#8243; primary_title_font_container=&#8221;font_size:28|color:%23FFFEFE&#8221; primary_title_google_fonts=&#8221;font_family:Montserrat%3Aregular%2C700|font_style:700%20bold%20regular%3A700%3Anormal&#8221; hover_title=&#8221;La giornata del 16 ottobre in immagini&#8221; hover_background_color=&#8221;chino&#8221; use_custom_fonts_primary_title=&#8221;true&#8221; use_custom_fonts_hover_title=&#8221;true&#8221; primary_title_link=&#8221;url:https%3A%2F%2Fwww.congresso25.it%2Foida%2Fhome-3%2F|title:Galleria%20GIORNO%201&#8243; hover_title_link=&#8221;url:https%3A%2F%2Fwww.congresso25.it%2Foida%2Fhome-3%2F|title:Galleria%201&#8243;][\/vc_hoverbox][vc_empty_space height=&#8221;64&#8243;][vc_hoverbox image=&#8221;1196&#8243; primary_title=&#8221;Galleria foto GIORNO 2&#8243; primary_title_font_container=&#8221;font_size:28|color:%23FFFEFE&#8221; primary_title_google_fonts=&#8221;font_family:Montserrat%3Aregular%2C700|font_style:700%20bold%20regular%3A700%3Anormal&#8221; hover_title=&#8221;La giornata del 17 ottobre in immagini&#8221; hover_title_font_container=&#8221;color:%23FFFFFF&#8221; hover_background_color=&#8221;mulled-wine&#8221; use_custom_fonts_primary_title=&#8221;true&#8221; use_custom_fonts_hover_title=&#8221;true&#8221; primary_title_link=&#8221;url:https%3A%2F%2Fwww.congresso25.it%2Foida%2Fgiorno-2%2F|title:Galleria%20GIORNO%202&#8243; hover_title_link=&#8221;url:https%3A%2F%2Fwww.congresso25.it%2Foida%2Fgiorno-2%2F|title:Giorno%202|target:_blank&#8221;][\/vc_hoverbox][vc_empty_space height=&#8221;64&#8243;][vc_hoverbox image=&#8221;1196&#8243; primary_title=&#8221;Galleria foto GIORNO 3&#8243; primary_title_font_container=&#8221;font_size:28|color:%23FFFEFE&#8221; primary_title_google_fonts=&#8221;font_family:Montserrat%3Aregular%2C700|font_style:700%20bold%20regular%3A700%3Anormal&#8221; hover_title=&#8221;La giornata del 18 ottobre in immagini&#8221; hover_background_color=&#8221;chino&#8221; use_custom_fonts_primary_title=&#8221;true&#8221; use_custom_fonts_hover_title=&#8221;true&#8221; primary_title_link=&#8221;url:https%3A%2F%2Fwww.congresso25.it%2Foida%2Fgiorno-2-2%2F|title:Galleria%20GIORNO%203&#8243; hover_title_link=&#8221;url:https%3A%2F%2Fwww.congresso25.it%2Foida%2Fgiorno-2-2%2F|title:Giorno%203&#8243;][\/vc_hoverbox][vc_empty_space height=&#8221;64&#8243;][vc_hoverbox image=&#8221;1204&#8243; primary_title=&#8221;SCARICA LA BROCHURE DEL XXV CONGRESSO&#8221; primary_title_font_container=&#8221;font_size:28|color:%23FFFEFE&#8221; primary_title_google_fonts=&#8221;font_family:Montserrat%3Aregular%2C700|font_style:700%20bold%20regular%3A700%3Anormal&#8221; hover_title=&#8221;BROCHURE IN FORMATO PDF (10,00 Mb)&#8221; hover_title_font_container=&#8221;color:%23FFFFFF&#8221; hover_background_color=&#8221;peacoc&#8221; use_custom_fonts_primary_title=&#8221;true&#8221; use_custom_fonts_hover_title=&#8221;true&#8221; hover_title_link=&#8221;url:https%3A%2F%2Fwww.congresso25.it%2Foida%2Fwp-content%2Fuploads%2F2025%2F11%2FBROCHUREDEF.pdf|title:Scarica%20la%20brochure&#8221;][\/vc_hoverbox][vc_empty_space height=&#8221;64&#8243;][vc_hoverbox image=&#8221;1208&#8243; primary_title=&#8221;SCARICA LE SLIDES DEI RELATORI DEL XXV CONGRESSO&#8221; primary_title_font_container=&#8221;font_size:36|color:%23FFFEFE&#8221; primary_title_google_fonts=&#8221;font_family:Montserrat%3Aregular%2C700|font_style:700%20bold%20regular%3A700%3Anormal&#8221; hover_title=&#8221;FILE ZIP 101 MB CONTENTE SLIDES&#8221; hover_title_font_container=&#8221;color:%23FFFFFF&#8221; hover_background_color=&#8221;peacoc&#8221; use_custom_fonts_primary_title=&#8221;true&#8221; use_custom_fonts_hover_title=&#8221;true&#8221; primary_title_link=&#8221;url:https%3A%2F%2Fwww.congresso25.it%2Foida%2Fgiorno-2-2%2F|title:Galleria%20GIORNO%203&#8243; hover_title_link=&#8221;url:https%3A%2F%2Fwww.congresso25.it%2Foida%2Ffiles%2FSLIDE_OROSEI.zip|title:Scarica%20le%20slides&#8221;][\/vc_hoverbox][\/vc_column_inner][\/vc_row_inner][\/vc_column][\/vc_row][vc_row 1=&#8221;sponsors-section&#8221; 2=&#8221;division&quot;&#8221; full_width=&#8221;&quot;stretch_row&quot;&#8221; parallax=&#8221;&quot;content-moving&quot;&#8221; parallax_image=&#8221;&quot;271&quot;&#8221; opacity_bg_pattern=&#8221;&quot;0.1&quot;&#8221; el_id=&#8221;&quot;sponsors&quot;&#8221; el_class=&#8221;&quot;bg-grey&#8221;][vc_column 1=&#8221;!important;}&quot;&#8221; css=&#8221;&quot;.vc_custom_1479838399078{padding-bottom:&#8221;][vc_column_text css=&#8221;&#8221;]<strong>La Brochure che Incarna il Futuro: una &#8220;Meta-Brochure&#8221; per il XXV Congresso Regionale<\/strong><br \/>\nLa brochure del XXV Congresso Regionale dei Consulenti del Lavoro della Sardegna non \u00e8 solo una guida all&#8217;evento; \u00e8 una dichiarazione d&#8217;intenti. In un mondo in continua trasformazione, dove l&#8217;innovazione ridefinisce ogni professione, la nostra brochure parla di s\u00e9 stessa, diventando una &#8220;meta-brochure&#8221;. Come? Tutte le immagini al suo interno sono state create con l&#8217;Intelligenza Artificiale, la stessa tecnologia che rappresenta uno dei temi cardine del nostro congresso.<\/p>\n<p>Questa scelta \u00e8 stata voluta. Come Consulenti del Lavoro, siamo chiamati a essere una &#8220;Bussola della Legalit\u00e0&#8221;, guidando imprese e lavoratori attraverso cambiamenti complessi. Il nostro congresso, intitolato Navigare il cambiamento tra etica, innovazione e nuove frontiere professionali, approfondir\u00e0 le sfide e le opportunit\u00e0 del nostro tempo. Quale modo migliore per introdurre questi argomenti se non attraverso una brochure che \u00e8 essa stessa un prodotto di quel cambiamento?<\/p>\n<p><strong>Un Dialogo Visivo con l&#8217;Innovazione<\/strong><br \/>\nLe immagini che vedete \u2014 dalla bussola in copertina ai ritratti astratti \u2014 non sono puramente decorative. Rappresentano un dialogo visivo tra la professionalit\u00e0 umana e l&#8217;intelligenza artificiale, un argomento centrale seppure carsico, che verr\u00e0 discusso durante il nostro evento. &#8220;<\/p>\n<p>Queste immagini preparano il terreno per un&#8217;analisi approfondita di come la tecnologia stia diventando uno strumento indispensabile per il consulente del lavoro moderno.<\/p>\n<p><strong>Pi\u00f9 di un Programma, una Dichiarazione<\/strong><br \/>\nQuesta brochure \u00e8 un esempio tangibile dell&#8217;innovazione che in un modo o nell&#8217;altro sar\u00e0 protagonista dal 16 al 18 ottobre a Orosei. Anticipa il cuore della nostra missione: offrire un momento di riflessione e creare uno spazio di confronto tra esperti, istituzioni e professionisti. Il nostro obiettivo \u00e8 condividere strumenti e prospettive per sostenere la crescita e il rinnovamento della nostra categoria di fronte alle nuove frontiere tecnologiche e sociali.[\/vc_column_text][\/vc_column][\/vc_row][vc_row][vc_column][\/vc_column][\/vc_row]<\/p>\n<\/div>","protected":false},"excerpt":{"rendered":"<p>[vc_row full_width=&#8221;stretch_row_content_no_spaces&#8221; parallax=&#8221;content-moving&#8221; parallax_image=&#8221;46&#8243;][vc_column][vc_empty_space height=&#8221;90&#8243;][vc_row_inner css=&#8221;.vc_custom_1760696043225{margin-top: 90px !important;margin-bottom: 90px !important;}&#8221;][vc_column_inner][vc_hoverbox image=&#8221;1196&#8243; primary_title=&#8221;Galleria foto GIORNO 1&#8243; primary_title_font_container=&#8221;font_size:28|color:%23FFFEFE&#8221; primary_title_google_fonts=&#8221;font_family:Montserrat%3Aregular%2C700|font_style:700%20bold%20regular%3A700%3Anormal&#8221; hover_title=&#8221;La giornata del 16 ottobre in immagini&#8221; hover_background_color=&#8221;chino&#8221; use_custom_fonts_primary_title=&#8221;true&#8221; use_custom_fonts_hover_title=&#8221;true&#8221; primary_title_link=&#8221;url:https%3A%2F%2Fwww.congresso25.it%2Foida%2Fhome-3%2F|title:Galleria%20GIORNO%201&#8243; hover_title_link=&#8221;url:https%3A%2F%2Fwww.congresso25.it%2Foida%2Fhome-3%2F|title:Galleria%201&#8243;][\/vc_hoverbox][vc_empty_space height=&#8221;64&#8243;][vc_hoverbox image=&#8221;1196&#8243; primary_title=&#8221;Galleria foto GIORNO 2&#8243; primary_title_font_container=&#8221;font_size:28|color:%23FFFEFE&#8221; primary_title_google_fonts=&#8221;font_family:Montserrat%3Aregular%2C700|font_style:700%20bold%20regular%3A700%3Anormal&#8221; hover_title=&#8221;La giornata del 17 ottobre in immagini&#8221; hover_title_font_container=&#8221;color:%23FFFFFF&#8221; hover_background_color=&#8221;mulled-wine&#8221; use_custom_fonts_primary_title=&#8221;true&#8221; use_custom_fonts_hover_title=&#8221;true&#8221; primary_title_link=&#8221;url:https%3A%2F%2Fwww.congresso25.it%2Foida%2Fgiorno-2%2F|title:Galleria%20GIORNO%202&#8243; hover_title_link=&#8221;url:https%3A%2F%2Fwww.congresso25.it%2Foida%2Fgiorno-2%2F|title:Giorno%202|target:_blank&#8221;][\/vc_hoverbox][vc_empty_space height=&#8221;64&#8243;][vc_hoverbox image=&#8221;1196&#8243; primary_title=&#8221;Galleria foto GIORNO [&hellip;]<\/p>\n","protected":false},"author":1,"featured_media":0,"parent":0,"menu_order":0,"comment_status":"closed","ping_status":"closed","template":"","meta":{"ngg_post_thumbnail":0,"footnotes":""},"class_list":["post-34","page","type-page","status-publish","hentry"],"_links":{"self":[{"href":"https:\/\/www.congresso25.it\/oida\/wp-json\/wp\/v2\/pages\/34","targetHints":{"allow":["GET"]}}],"collection":[{"href":"https:\/\/www.congresso25.it\/oida\/wp-json\/wp\/v2\/pages"}],"about":[{"href":"https:\/\/www.congresso25.it\/oida\/wp-json\/wp\/v2\/types\/page"}],"author":[{"embeddable":true,"href":"https:\/\/www.congresso25.it\/oida\/wp-json\/wp\/v2\/users\/1"}],"replies":[{"embeddable":true,"href":"https:\/\/www.congresso25.it\/oida\/wp-json\/wp\/v2\/comments?post=34"}],"version-history":[{"count":30,"href":"https:\/\/www.congresso25.it\/oida\/wp-json\/wp\/v2\/pages\/34\/revisions"}],"predecessor-version":[{"id":1218,"href":"https:\/\/www.congresso25.it\/oida\/wp-json\/wp\/v2\/pages\/34\/revisions\/1218"}],"wp:attachment":[{"href":"https:\/\/www.congresso25.it\/oida\/wp-json\/wp\/v2\/media?parent=34"}],"curies":[{"name":"wp","href":"https:\/\/api.w.org\/{rel}","templated":true}]}}

<div class="wpb-content-wrapper"><p>[vc_row full_width=&#8221;stretch_row_content_no_spaces&#8221; parallax=&#8221;content-moving&#8221; parallax_image=&#8221;46&#8243;][vc_column]<section class="intro-section ">
                <div class="overlay division">
                    <div class="container">		
                        <div id="intro-1-content" class="row">
                            
                            <div class="col-md-6 col-md-offset-6 intro-txt white-color"><h4>XXV CONGRESSO REGIONALE DEI CONSULENTI DEL LAVORO DELLA SARDEGNA</h4><h2>IL CONSULENTE DEL LAVORO BUSSOLA DELLA LEGALITA’</h2> <h3>Navigare il cambiamento tra etica, innovazione e nuove frontiere professionali</h3> </div>


                        </div>
                    </div>
                </div>
            </section>[vc_empty_space height=&#8221;90&#8243;][vc_row_inner css=&#8221;.vc_custom_1760696043225{margin-top: 90px !important;margin-bottom: 90px !important;}&#8221;][vc_column_inner][vc_hoverbox image=&#8221;1196&#8243; primary_title=&#8221;Galleria foto GIORNO 1&#8243; primary_title_font_container=&#8221;font_size:28|color:%23FFFEFE&#8221; primary_title_google_fonts=&#8221;font_family:Montserrat%3Aregular%2C700|font_style:700%20bold%20regular%3A700%3Anormal&#8221; hover_title=&#8221;La giornata del 16 ottobre in immagini&#8221; hover_background_color=&#8221;chino&#8221; use_custom_fonts_primary_title=&#8221;true&#8221; use_custom_fonts_hover_title=&#8221;true&#8221; primary_title_link=&#8221;url:https%3A%2F%2Fwww.congresso25.it%2Foida%2Fhome-3%2F|title:Galleria%20GIORNO%201&#8243; hover_title_link=&#8221;url:https%3A%2F%2Fwww.congresso25.it%2Foida%2Fhome-3%2F|title:Galleria%201&#8243;][/vc_hoverbox][vc_empty_space height=&#8221;64&#8243;][vc_hoverbox image=&#8221;1196&#8243; primary_title=&#8221;Galleria foto GIORNO 2&#8243; primary_title_font_container=&#8221;font_size:28|color:%23FFFEFE&#8221; primary_title_google_fonts=&#8221;font_family:Montserrat%3Aregular%2C700|font_style:700%20bold%20regular%3A700%3Anormal&#8221; hover_title=&#8221;La giornata del 17 ottobre in immagini&#8221; hover_title_font_container=&#8221;color:%23FFFFFF&#8221; hover_background_color=&#8221;mulled-wine&#8221; use_custom_fonts_primary_title=&#8221;true&#8221; use_custom_fonts_hover_title=&#8221;true&#8221; primary_title_link=&#8221;url:https%3A%2F%2Fwww.congresso25.it%2Foida%2Fgiorno-2%2F|title:Galleria%20GIORNO%202&#8243; hover_title_link=&#8221;url:https%3A%2F%2Fwww.congresso25.it%2Foida%2Fgiorno-2%2F|title:Giorno%202|target:_blank&#8221;][/vc_hoverbox][vc_empty_space height=&#8221;64&#8243;][vc_hoverbox image=&#8221;1196&#8243; primary_title=&#8221;Galleria foto GIORNO 3&#8243; primary_title_font_container=&#8221;font_size:28|color:%23FFFEFE&#8221; primary_title_google_fonts=&#8221;font_family:Montserrat%3Aregular%2C700|font_style:700%20bold%20regular%3A700%3Anormal&#8221; hover_title=&#8221;La giornata del 18 ottobre in immagini&#8221; hover_background_color=&#8221;chino&#8221; use_custom_fonts_primary_title=&#8221;true&#8221; use_custom_fonts_hover_title=&#8221;true&#8221; primary_title_link=&#8221;url:https%3A%2F%2Fwww.congresso25.it%2Foida%2Fgiorno-2-2%2F|title:Galleria%20GIORNO%203&#8243; hover_title_link=&#8221;url:https%3A%2F%2Fwww.congresso25.it%2Foida%2Fgiorno-2-2%2F|title:Giorno%203&#8243;][/vc_hoverbox][vc_empty_space height=&#8221;64&#8243;][vc_hoverbox image=&#8221;1204&#8243; primary_title=&#8221;SCARICA LA BROCHURE DEL XXV CONGRESSO&#8221; primary_title_font_container=&#8221;font_size:28|color:%23FFFEFE&#8221; primary_title_google_fonts=&#8221;font_family:Montserrat%3Aregular%2C700|font_style:700%20bold%20regular%3A700%3Anormal&#8221; hover_title=&#8221;BROCHURE IN FORMATO PDF (10,00 Mb)&#8221; hover_title_font_container=&#8221;color:%23FFFFFF&#8221; hover_background_color=&#8221;peacoc&#8221; use_custom_fonts_primary_title=&#8221;true&#8221; use_custom_fonts_hover_title=&#8221;true&#8221; hover_title_link=&#8221;url:https%3A%2F%2Fwww.congresso25.it%2Foida%2Fwp-content%2Fuploads%2F2025%2F11%2FBROCHUREDEF.pdf|title:Scarica%20la%20brochure&#8221;][/vc_hoverbox][vc_empty_space height=&#8221;64&#8243;][vc_hoverbox image=&#8221;1208&#8243; primary_title=&#8221;SCARICA LE SLIDES DEI RELATORI DEL XXV CONGRESSO&#8221; primary_title_font_container=&#8221;font_size:36|color:%23FFFEFE&#8221; primary_title_google_fonts=&#8221;font_family:Montserrat%3Aregular%2C700|font_style:700%20bold%20regular%3A700%3Anormal&#8221; hover_title=&#8221;FILE ZIP 101 MB CONTENTE SLIDES&#8221; hover_title_font_container=&#8221;color:%23FFFFFF&#8221; hover_background_color=&#8221;peacoc&#8221; use_custom_fonts_primary_title=&#8221;true&#8221; use_custom_fonts_hover_title=&#8221;true&#8221; primary_title_link=&#8221;url:https%3A%2F%2Fwww.congresso25.it%2Foida%2Fgiorno-2-2%2F|title:Galleria%20GIORNO%203&#8243; hover_title_link=&#8221;url:https%3A%2F%2Fwww.congresso25.it%2Foida%2Ffiles%2FSLIDE_OROSEI.zip|title:Scarica%20le%20slides&#8221;][/vc_hoverbox][/vc_column_inner][/vc_row_inner][/vc_column][/vc_row][vc_row 1=&#8221;sponsors-section&#8221; 2=&#8221;division&quot;&#8221; full_width=&#8221;&quot;stretch_row&quot;&#8221; parallax=&#8221;&quot;content-moving&quot;&#8221; parallax_image=&#8221;&quot;271&quot;&#8221; opacity_bg_pattern=&#8221;&quot;0.1&quot;&#8221; el_id=&#8221;&quot;sponsors&quot;&#8221; el_class=&#8221;&quot;bg-grey&#8221;][vc_column 1=&#8221;!important;}&quot;&#8221; css=&#8221;&quot;.vc_custom_1479838399078{padding-bottom:&#8221;][vc_column_text css=&#8221;&#8221;]<strong>La Brochure che Incarna il Futuro: una &#8220;Meta-Brochure&#8221; per il XXV Congresso Regionale</strong><br />
La brochure del XXV Congresso Regionale dei Consulenti del Lavoro della Sardegna non è solo una guida all&#8217;evento; è una dichiarazione d&#8217;intenti. In un mondo in continua trasformazione, dove l&#8217;innovazione ridefinisce ogni professione, la nostra brochure parla di sé stessa, diventando una &#8220;meta-brochure&#8221;. Come? Tutte le immagini al suo interno sono state create con l&#8217;Intelligenza Artificiale, la stessa tecnologia che rappresenta uno dei temi cardine del nostro congresso.</p>
<p>Questa scelta è stata voluta. Come Consulenti del Lavoro, siamo chiamati a essere una &#8220;Bussola della Legalità&#8221;, guidando imprese e lavoratori attraverso cambiamenti complessi. Il nostro congresso, intitolato Navigare il cambiamento tra etica, innovazione e nuove frontiere professionali, approfondirà le sfide e le opportunità del nostro tempo. Quale modo migliore per introdurre questi argomenti se non attraverso una brochure che è essa stessa un prodotto di quel cambiamento?</p>
<p><strong>Un Dialogo Visivo con l&#8217;Innovazione</strong><br />
Le immagini che vedete — dalla bussola in copertina ai ritratti astratti — non sono puramente decorative. Rappresentano un dialogo visivo tra la professionalità umana e l&#8217;intelligenza artificiale, un argomento centrale seppure carsico, che verrà discusso durante il nostro evento. &#8220;</p>
<p>Queste immagini preparano il terreno per un&#8217;analisi approfondita di come la tecnologia stia diventando uno strumento indispensabile per il consulente del lavoro moderno.</p>
<p><strong>Più di un Programma, una Dichiarazione</strong><br />
Questa brochure è un esempio tangibile dell&#8217;innovazione che in un modo o nell&#8217;altro sarà protagonista dal 16 al 18 ottobre a Orosei. Anticipa il cuore della nostra missione: offrire un momento di riflessione e creare uno spazio di confronto tra esperti, istituzioni e professionisti. Il nostro obiettivo è condividere strumenti e prospettive per sostenere la crescita e il rinnovamento della nostra categoria di fronte alle nuove frontiere tecnologiche e sociali.[/vc_column_text][/vc_column][/vc_row][vc_row][vc_column][/vc_column][/vc_row]</p>
</div>
